{"id":138,"date":"2017-04-26T10:50:40","date_gmt":"2017-04-26T08:50:40","guid":{"rendered":"http:\/\/signaler.no\/?page_id=138"},"modified":"2021-03-24T14:07:14","modified_gmt":"2021-03-24T13:07:14","slug":"reilers","status":"publish","type":"page","link":"https:\/\/signaler.no\/?page_id=138","title":{"rendered":"Rejlers Consulting AS"},"content":{"rendered":"<p><img decoding=\"async\" loading=\"lazy\" class=\"alignnone size-medium wp-image-387\" src=\"http:\/\/signaler.no\/wp-content\/uploads\/2021\/03\/556349-8426-300x200.png\" alt=\"\" width=\"300\" height=\"200\" srcset=\"https:\/\/signaler.no\/wp-content\/uploads\/2021\/03\/556349-8426-300x200.png 300w, https:\/\/signaler.no\/wp-content\/uploads\/2021\/03\/556349-8426.png 480w\" sizes=\"(max-width: 300px) 100vw, 300px\" \/><\/p>\n<p>Rejlers Elsikkerhet utf\u00f8rer kontroll av elektriske anlegg, samt foretar revisjoner og informasjonsarbeid p\u00e5 vegne av norske nettselskaper. Vi har h\u00f8y kompetanse og lang erfaring fra b\u00e5de sm\u00e5 og store nettselskaper.<\/p>\n<p>Vi bruker nettselskapets eget system for rapportering, og har erfaring med de fleste systemene som er i bruk i dag, blant annet Elwin, ELSA og Elite. Ved \u00e5 benytte v\u00e5re tjenester vil netteiere f\u00e5 en n\u00f8ytral tilsynsvirksomhet som forenkler h\u00e5ndtering av habilitetssp\u00f8rsm\u00e5l, spesielt i mindre nettselskaper.<br \/>\nNetteiere vil ogs\u00e5 frigj\u00f8re ressurser til nettselskapets kjernevirksomhet.<\/p>\n<div id=\"react_cO1lFIBHj0WokUimRd6MxA\">\n<div class=\"ArticlePage\" data-reactroot=\"\" data-reactid=\"1\" data-react-checksum=\"-680764854\">\n<div class=\"ArticlePage__PageWrap\" data-reactid=\"53\">\n<div class=\"ArticlePage__ContentWrap\" data-reactid=\"60\">\n<div class=\"ArticlePage__Content\" data-reactid=\"76\">\n<div class=\"Wysiwyg\" data-reactid=\"80\">\n<p>&nbsp;<\/p>\n<h2>Vi utf\u00f8rer<\/h2>\n<p><strong>Tilsyn <\/strong>i f\u00f8lge instruks fra Direktoratet for Samfunnssikkerhet og Beredskap (DSB)<\/p>\n<ul>\n<li>Teknisk kontroll av elektriske anlegg<\/li>\n<li>Revisjon av virksomheter<\/li>\n<li>Revisjon av installat\u00f8rer<\/li>\n<li>Skoleundervisning<\/li>\n<li>Informasjonsarbeid<\/li>\n<li>Brannetterforskning<\/li>\n<li>Jordfeils\u00f8k<\/li>\n<li>Markedskontroll<\/li>\n<\/ul>\n<p><strong>Bistand <\/strong>til politiet ved etterforskning av kriminell virksomhet som for eksempel str\u00f8mtyveri.<\/p>\n<p><strong>Kontroller <\/strong>av h\u00f8y- og lavspentanlegg p\u00e5 oppdrag fra netteiere<\/p>\n<ul>\n<li>Kontroll av tilknytninger til nettet utf\u00f8rt av installat\u00f8r<\/li>\n<li>Kontroll av utf\u00f8relse p\u00e5 nye anlegg utf\u00f8rt av El- entrepren\u00f8r<\/li>\n<\/ul>\n<p>Du kan lese mer om oss p\u00e5 v\u00e5re hjemmesider:\u00a0<a href=\"https:\/\/www.rejlers.no\/\">https:\/\/www.rejlers.no\/<\/a><\/p>\n<h2>Kontakt<\/h2>\n<p>Retur av rettemelding p\u00e5 tilsynsrapporter Agder:<br \/>\n<a href=\"mailto:elsikkerhet.aenett@rejlers.no\">elsikkerhet.aenett@rejlers.no<\/a><\/p>\n<p>Andre henvendelser til Rejlers Elsikkerhet:<br \/>\n<a href=\"mailto:elsikkerhet@rejlers.no\">elsikkerhet@rejlers.no<\/a><\/p>\n<\/div>\n<\/div>\n<\/div>\n<\/div>\n<\/div>\n<\/div>\n<div id=\"react_LOi8aNIHGkiAXQ9aqfAHgQ\">\n<div class=\"ContactPage\" data-reactroot=\"\" data-reactid=\"1\" data-react-checksum=\"-1828163201\">\n<div class=\"ContactPage__PageWrap\" data-reactid=\"55\">\n<div class=\"ContactPage__Wrap\">\n<div class=\"ContactPage__MapInfo\">\n<div class=\"MapInfo\">\n<div class=\"MapInfo__Content\">\n<div class=\"MapInfo__Info\">\n<div class=\"MapInfo__Group\">\n<p>Lasta 50<br \/>\n4400 Flekkefjord<br \/>\nTelefon: +47 958 23 000<\/p>\n<\/div>\n<\/div>\n<\/div>\n<\/div>\n<\/div>\n<\/div>\n<\/div>\n<\/div>\n<\/div>\n","protected":false},"excerpt":{"rendered":"<p>Rejlers Elsikkerhet utf\u00f8rer kontroll av elektriske anlegg, samt foretar revisjoner og informasjonsarbeid p\u00e5 vegne av norske nettselskaper. Vi har h\u00f8y kompetanse og [&hellip;]<\/p>\n","protected":false},"author":2,"featured_media":0,"parent":28,"menu_order":0,"comment_status":"closed","ping_status":"closed","template":"page-full_width.php","meta":[],"_links":{"self":[{"href":"https:\/\/signaler.no\/index.php?rest_route=\/wp\/v2\/pages\/138"}],"collection":[{"href":"https:\/\/signaler.no\/index.php?rest_route=\/wp\/v2\/pages"}],"about":[{"href":"https:\/\/signaler.no\/index.php?rest_route=\/wp\/v2\/types\/page"}],"author":[{"embeddable":true,"href":"https:\/\/signaler.no\/index.php?rest_route=\/wp\/v2\/users\/2"}],"replies":[{"embeddable":true,"href":"https:\/\/signaler.no\/index.php?rest_route=%2Fwp%2Fv2%2Fcomments&post=138"}],"version-history":[{"count":7,"href":"https:\/\/signaler.no\/index.php?rest_route=\/wp\/v2\/pages\/138\/revisions"}],"predecessor-version":[{"id":413,"href":"https:\/\/signaler.no\/index.php?rest_route=\/wp\/v2\/pages\/138\/revisions\/413"}],"up":[{"embeddable":true,"href":"https:\/\/signaler.no\/index.php?rest_route=\/wp\/v2\/pages\/28"}],"wp:attachment":[{"href":"https:\/\/signaler.no\/index.php?rest_route=%2Fwp%2Fv2%2Fmedia&parent=138"}],"curies":[{"name":"wp","href":"https:\/\/api.w.org\/{rel}","templated":true}]}}